tor of 6 and v.
6
Let h = 49 + -27. Let y = 150 - -48. Calculate the greatest common divisor of h and y.
22
Let x(n) = 68*n. Let j be x(2). Let s(r) = r + 13. Let y be s(4). What is the highest common factor of y and j?
17
Let b = -3 - -8. Let p = b - -18. Calculate the highest common divisor of p and 69.
23
Let v = 5 + -5. Suppose v = 6*p - 7*p + 12. Calculate the highest common divisor of 60 and p.
12
Suppose -118 = -3*g - 4*f, -g = -6*g + f + 189. What is the highest common divisor of 57 and g?
19
Suppose 0 = m + 3*m + 60. Let y = m + 17. What is the highest common divisor of y and 5?
1
Let m = 3 - -1. Suppose 5*r - 48 = -5*u + u, m*r + u = 45. Let x(f) = f**2 + 14*f - 9. Let w be x(-15). What is the highest common factor of r and w?
6
Suppose -3*s - 5 = 7. Let v(c) = c**2 + c - 4. Let g be v(s). What is the highest common divisor of g and 16?
8
Suppose -5*f - 17 = 3. Let j be 8*2/f*3. Let v be 6/j - (-31)/2. What is the highest common divisor of 75 and v?
15
Let h(w) = w - 2. Let a be h(5). Let m = a + 13. Calculate the greatest common factor of 64 and m.
16
Let d = -26 + 50. Calculate the greatest common factor of d and 96.
24
Suppose -2*d + 62 = -d. Suppose 92 = 2*f - d. Calculate the highest common divisor of 7 and f.
7
Suppose 7*i + 128 = 8*i. Calculate the highest common factor of i and 32.
32
Let w be 7/35 + 0 + 418/10. What is the greatest common factor of 28 and w?
14
Let b = 77 + -49. What is the greatest common divisor of 4 and b?
4
Let h(t) = -t**2 - 21*t. Let g be h(-17). Calculate the highest common divisor of g and 17.
17
Let o(r) = -r**3 + r**2 - 3*r + 50. Let b be o(0). Calculate the highest common factor of b and 10.
10
Let k be (-1)/(-2)*(-4 + 6)*25. What is the highest common factor of 275 and k?
25
Suppose 69 - 385 = 2*g. Let v = -68 - g. Suppose -2*s = -0*s - v. Calculate the greatest common factor of s and 5.
5
Suppose -5*g = 111 - 396. What is the greatest common factor of g and 38?
19
Let x = -31 - -67. What is the highest common factor of x and 9?
9
Suppose 0*n + 2*n + 32 = 3*q, q + 32 = -2*n. Let r = -9 - n. Let z be 4/6 - 19/(-3). Calculate the highest common factor of r and z.
7
Let i be ((-27)/15)/((-4)/20). Calculate the highest common factor of i and 3.
3
Let c(t) = -t**3 + 7*t**2 + 3*t - 11. Let n be c(7). Let b(q) = -31*q - 3. Let h be b(-3). Calculate the greatest common divisor of n and h.
10
Let y = 15 + -5. Let l be 40/8*8/y. Calculate the highest common divisor of l and 2.
2
Let u(g) = -16*g - 4. Let v be u(4). Let a be (-3)/6 + v/(-8). What is the greatest common factor of a and 48?
8
Suppose 2*l + 34 = 2*r, 5*r + 4*l - 4 - 45 = 0. Let m be (-4)/10 + (-132)/(-30). Let o = m - -9. What is the greatest common divisor of o and r?
13
Let d be (-3 - 0)*(-4)/6. Suppose -d*r + 95 = -49. Calculate the highest common divisor of 8 and r.
8
Suppose 0 = -5*k + 4*n + 25, 4*k - 16 = -0*k + 4*n. Let q = -18 + -4. Let i = 31 + q. What is the highest common factor of k and i?
9
Let d(z) = 10*z - 2. Let a be d(2). Calculate the greatest common divisor of 9 and a.
9
Suppose -3*l = -5*l. Suppose l = -3*j - j + 56. What is the greatest common factor of 7 and j?
7
Suppose 11*l + 24 = 13*l. Calculate the greatest common factor of 30 and l.
6
Let b(i) = -99*i + 5. Let p be b(-1). Let z(k) = 2*k**2 + 6*k + 6. Let d be z(-5). Calculate the highest common divisor of p and d.
26
Suppose 6*i = 10*i - 576. Calculate the highest common divisor of 9 and i.
9
Suppose -l = l - 44. Suppose -2*k - 4 = -2*j + 6*j, 0 = -4*k - 8. Suppose j = 4*a - 2*a - 66. Calculate the greatest common factor of l and a.
11
Suppose -2*i + k = 2*i - 47, -22 = -2*i + 2*k. Let s(l) = -2*l**2 + 22*l + 2. Let o be s(11). Calculate the highest common factor of i and o.
2
Suppose -9*y + 6*y = -39. What is the highest common divisor of y and 91?
13
Suppose -3*f + 115 = 7. Let t be -72*2/(16/(-6)). What is the greatest common divisor of f and t?
18
Let i(s) = s**3 + 2*s**2 + s - 2. Let a be i(-2). Let y be (-178)/a - (-1)/(-2). Suppose 220 = 21*w - 19*w. What is the greatest common factor of w and y?
22
Let s be (10/6)/(4/(-12)). Let z = 8 - s. Let f be 2/5 - (-258)/5. Calculate the greatest common divisor of f and z.
13
Let p = -10 + 10. Suppose p = -8*a + 3*a + 270. What is the greatest common factor of a and 18?
18
Let y(m) = -m - 4. Let i be y(-3). Let k(l) = -64*l - 1. Let b be k(i). Calculate the highest common divisor of b and 9.
9
Suppose -20 = -7*b + 2*b. Let g be (-4)/6*(-30)/b. Suppose 0 = -s + 4*s - g*c - 245, 2*s - 4*c - 164 = 0. What is the greatest common factor of s and 10?
10
Suppose -12 = 2*u + 2*u. Let c be u*-1*(-2)/(-6). What is the highest common factor of 8 and c?
1
Suppose n - 9 = 31. Calculate the greatest common divisor of n and 4.
4
Suppose -3 = -3*h + 3. Suppose -5*z - 49 = -2*m, -7*m + z + 88 = -h*m. Calculate the highest common factor of m and 34.
17
Suppose -176 = -0*j - 2*j + 2*t, 88 = j + t. What is the greatest common divisor of j and 11?
11
Let s = -37 - -82. Suppose 5*k = 60 + 30. Calculate the highest common divisor of s and k.
9
Let u be (4 + -2)/(0 + 1). Suppose -128 = -2*b - u*b. What is the highest common divisor of 8 and b?
8
Let t(w) = w + 7. Let o be t(-7). Let q be o - 1*(-12)/3. Let m be 1972/20 + q/10. What is the highest common factor of 9 and m?
9
Let s = 121 + -64. What is the greatest common factor of 19 and s?
19
Let r be 1*3*(-2)/(-6). Suppose 4*f - 3 - r = 0. Let t be (f + 0)*20/2. Calculate the highest common divisor of 25 and t.
5
Suppose -6 = -2*k + 6. Let m be (-352)/6*k/(-4). What is the highest common factor of m and 8?
8
Suppose 0 = -2*i - 8 + 16. Let c be 414*(14/(-4) + i). What is the greatest common factor of c and 23?
23
Let b be (2/4)/(-1)*-22. Let d = 17 - 33. Let x = b - d. What is the greatest common factor of 18 and x?
9
Let t be 2/((-2)/(-11)) + -1. Let d(h) be the first derivative of 35*h**2 + 2. Let l be d(1). What is the highest common divisor of t and l?
10
Let j be -3*(-2 + 2/(-6)). Let t = 27 - j. What is the greatest common divisor of 140 and t?
20
Let x be (-1 - 0)/(1/(-3)). Let d(o) = -o - 1. Let s be d(-3). Suppose 4 - s = k. What is the greatest common divisor of x and k?
1
Suppose -3*h - 6 = x, 3*x - 5*x - 2*h = -4. Calculate the highest common divisor of x and 24.
6
Suppose 4*m + 2*w - 8 = 0, 3*m + 4*w - 16 = -0*m. Suppose m*y + 104 = y. Calculate the greatest common divisor of 13 and y.
13
Let r be (2 + (-36)/15)*-20. Let w be 36/16 - (-3)/(-12). Calculate the greatest common divisor of w and r.
2
Suppose -n + 2 = -3. Suppose n*i - 3*q - 91 = 170, 3*q = i - 45. Let z(b) = -5*b + 1. Let v be z(-1). Calculate the greatest common divisor of v and i.
6
Let c = -100 - -148. Calculate the greatest common divisor of c and 16.
16
Let w = 151 - 123. What is the greatest common factor of w and 14?
14
Suppose 3*l = 3*v + 31 + 2, l + 4*v + 4 = 0. Let t = l - 6. Calculate the highest common divisor of t and 1.
1
Let o(w) = w**2 - 4*w. Let u be o(5). What is the highest common factor of u and 10?
5
Let l = -14 + 23. Suppose l = -2*n + 3*n. Calculate the highest common divisor of n and 27.
9
Let b = 15 - 13. What is the greatest common divisor of b and 10?
2
Suppose 0*w - 60 = -3*w. Calculate the greatest common factor of w and 30.
10
Let g = 11 - 3. What is the highest common divisor of g and 72?
8
Let v = 2 - -37. Suppose -b = -4*b + v. What is the greatest common factor of 104 and b?
13
Suppose 2*h - 22 = 4*v, -h + 18 = 3*v + 2*v. What is the greatest common factor of h and 13?
13
Suppose 16 - 54 = -c + m, -106 = -3*c - m. Let p = 2 - -7. What is the highest common factor of c and p?
9
Let u = 48 - 32. What is the highest common divisor of 24 and u?
8
Let y(m) = 4*m - 1. Let i(o) = -o. Let n(k) = -5*i(k) - y(k). Let t be n(4). Calculate the greatest common divisor of 25 and t.
5
Let y(t) be the third derivative of -t**4/24 + 13*t**3/6 - 2*t**2. Let h be y(9). What is the greatest common factor of h and 32?
4
Let w(i) = 3*i**2 + 9*i + 3. Let y be w(-5). Calculate the greatest common divisor of 44 and y.
11
Let q = 116 - 80. What is the greatest common factor of q and 4?
4
Let g = 0 + 4. Let s = 60 - 40. Suppose -s = 2*r - 6*r - 4*q, -5*q + 1 = r. What is the highest common divisor of g an